 remainder when 33105164 is divided by 821.
802
What is the remainder when 127306684 is divided by 2629?
2617
Calculate the remainder when 10884319 is divided by 441.
439
Calculate the remainder when 21419 is divided by 20780.
639
What is the remainder when 957470 is divided by 179?
178
Calculate the remainder when 24571776 is divided by 363.
306
Calculate the remainder when 53692 is divided by 13337.
344
Calculate the remainder when 83395641 is divided by 1950.
1941
What is the remainder when 260260 is divided by 254950?
5310
Calculate the remainder when 10236080 is divided by 5118037.
6
Calculate the remainder when 2343125 is divided by 2343019.
106
Calculate the remainder when 68643 is divided by 22865.
48
Calculate the remainder when 42252 is divided by 1402.
192
Calculate the remainder when 15766 is divided by 1669.
745
What is the remainder when 1121201 is divided by 1121072?
129
What is the remainder when 9441011 is divided by 84?
83
Calculate the remainder when 48390043 is divided by 311.
309
What is the remainder when 156491 is divided by 74732?
7027
Calculate the remainder when 612251 is divided by 30612.
11
What is the remainder when 73215 is divided by 24085?
960
Calculate the remainder when 3291534 is divided by 1055.
989
What is the remainder when 1130604 is divided by 282645?
24
What is the remainder when 6792 is divided by 982?
900
Calculate the remainder when 18734 is divided by 2546.
912
Calculate the remainder when 178609 is divided by 88967.
675
Calculate the remainder when 6322931 is divided by 2107637.
20
Calculate the remainder when 7515409 is divided by 150.
109
Calculate the remainder when 298438031 is divided by 15.
11
Calculate the remainder when 23123 is divided by 3787.
401
Calculate the remainder when 207868895 is divided by 69289628.
11
Calculate the remainder when 75997359 is divided by 25332452.
3
What is the remainder when 323459 is divided by 2541?
752
Calculate the remainder when 25609741 is divided by 1006.
1005
What is the remainder when 7849452 is divided by 516?
60
What is the remainder when 35405 is divided by 13952?
7501
Calculate the remainder when 33164 is divided by 8208.
332
What is the remainder when 34587 is divided by 1014?
111
What is the remainder when 735620 is divided by 245155?
155
Calculate the remainder when 166880 is divided by 6901.
1256
Calculate the remainder when 595078765 is divided by 131.
130
Calculate the remainder when 646878 is divided by 5828.
5798
Calculate the remainder when 25161925 is divided by 4193653.
7
What is the remainder when 59339963 is divided by 27?
11
Calculate the remainder when 151990 is divided by 147524.
4466
Calculate the remainder when 7513584 is divided by 3756789.
6
What is the remainder when 1386764 is divided by 86672?
12
What is the remainder when 62009 is divided by 59595?
2414
What is the remainder when 9714611 is divided by 9714599?
12
Calculate the remainder when 21662987 is divided by 2582.
7
What is the remainder when 1002203 is divided by 9730?
13
What is the remainder when 6470211 is divided by 4775?
86
What is the remainder when 4867132 is divided by 595?
32
Calculate the remainder when 1582727 is divided by 765.
707
Calculate the remainder when 2230880 is divided by 29.
26
Calculate the remainder when 98688153 is divided by 196.
193
What is the remainder when 1168255 is divided by 58397?
315
What is the remainder when 1065874 is divided by 763?
726
Calculate the remainder when 22100802 is divided by 5581.
42
What is the remainder when 2732622 is divided by 601?
476
Calculate the remainder when 6742275 is divided by 963160.
155
Calculate the remainder when 54016034 is divided by 545.
539
What is the remainder when 21618799 is divided by 6071?
6039
What is the remainder when 2781871 is divided by 2693?
2
Calculate the remainder when 26419516 is divided by 4982.
4952
What is the remainder when 170351 is divided by 6288?
575
Calculate the remainder when 284167 is divided by 70922.
479
Calculate the remainder when 596553 is divided by 106.
91
Calculate the remainder when 347854985 is divided by 167.
164
What is the remainder when 211785 is divided by 1267?
196
What is the remainder when 4185208 is divided by 68608?
120
What is the remainder when 11125 is divided by 168?
37
Calculate the remainder when 43573 is divided by 5441.
45
Calculate the remainder when 43912 is divided by 14599.
115
What is the remainder when 2336044 is divided by 28140?
424
Calculate the remainder when 809898 is divided by 7.
5
What is the remainder when 20654 is divided by 1577?
153
What is the remainder when 5430018 is divided by 246812?
154
Calculate the remainder when 4691721 is divided by 41.
9
What is the remainder when 1097859 is divided by 3420?
39
What is the remainder when 1921855 is divided by 124?
103
Calculate the remainder when 6005504 is divided by 2.
0
Calculate the remainder when 150556317 is divided by 649.
648
What is the remainder when 164238 is divided by 156?
126
Calculate the remainder when 18457182 is divided by 8.
6
Calculate the remainder when 4020889 is divided by 220.
169
Calculate the remainder when 4460516 is divided by 3263.
3258
What is the remainder when 2203725 is divided by 3625?
3350
Calculate the remainder when 19329 is divided by 6241.
606
What is the remainder when 3944264 is divided by 985947?
476
What is the remainder when 353497364 is divided by 294?
290
Calculate the remainder when 1923693 is divided by 122.
119
Calculate the remainder when 14624634 is divided by 98.
94
Calculate the remainder when 1010676 is divided by 202128.
36
What is the remainder when 232927 is divided by 1778?
9
Calculate the remainder when 2165389 is divided by 224.
205
Calculate the remainder when 48356194 is divided by 73.
45
What is the remainder when 633386 is divided by 2853?
20
What is the remainder when 51224 is divided by 49461?
1763
Calculate the remainder when 12745126 is divided by 670790.
116
What is the remainder when 836958 is divided by 2529?
2388
Calculate the remainder when 45610 is divided by 70.
40
What is the remainder when 49463058 is divided by 262?
78
Calculate the remainder when 12315034 is divided by 24338.
6
Calculate the remainder when 13011240 is divided by 448663.
13
Calculate the remainder when 15462338 is divided by 2228.
18
What is the remainder when 258777 is divided by 3331?
2290
Calculate the remainder when 1104699 is divided by 110468.
19
What is the remainder when 3311609 is divided by 1002?
1001
Calculate the remainder when 9419 is divided by 1024.
203
Calculate the remainder when 238381 is divided by 26481.
52
What is the remainder when 18359 is divided by 13161?
5198
What is the remainder when 3189493 is divided by 27?
10
Calculate the remainder when 923468 is divided by 42.
14
Calculate the remainder when 8351083 is divided by 168.
139
Calculate the remainder when 2372191 is divided by 3146.
107
Calculate the remainder when 671156 is divided by 478.
44
What is the remainder when 47103 is divided by 5885?
23
Calculate the remainder when 48233964 is divided by 13.
12
Calculate the remainder when 1300477 is divided by 4926.
13
What is the remainder when 150906 is divided by 80?
26
What is the remainder when 100755 is divided by 33241?
1032
Calculate the remainder when 93757001 is divided by 2486.
2483
Calculate the remainder when 19138453 is divided by 171.
133
Calculate the remainder when 187764 is divided by 1079.
18
Calculate the remainder when 61364 is divided by 15289.
208
What is the remainder when 583347 is divided by 583229?
118
Calculate the remainder when 843492 is divided by 4991.
13
What is the remainder when 25481 is divided by 1224?
1001
Calculate the remainder when 120865 is divided by 119500.
1365
What is the remainder when 45360443 is divided by 161?
142
What is the remainder when 1058899 is divided by 529444?
11
Calculate the remainder when 2403341 is divided by 1906.
1781
What is the remainder when 269605 is divided by 269597?
8
What is the remainder when 23400 is divided by 11597?
206
Calculate the remainder when 247047 is divided by 1056.
999
What is the remainder when 6835356 is divided by 40?
36
What is the remainder when 5674287 is divided by 5017?
60
Calculate the remainder when 26210753 i